6405 a multiple of 273?
False
Does 7 divide 18812?
False
Does 220 divide 14102880?
True
Does 352 divide 1080992?
True
Is 41 a factor of 12668631?
True
Does 13 divide 1149101?
False
Is 532675 a multiple of 11?
True
Is 275 a factor of 139185?
False
Does 383 divide 16092128?
True
Is 10 a factor of 872580?
True
Does 26 divide 5000212?
False
Is 319 a factor of 7801235?
False
Does 3 divide 101160?
True
Is 42178 a multiple of 3?
False
Is 1220120 a multiple of 59?
True
Is 1983425 a multiple of 5?
True
Is 4707 a multiple of 6?
False
Is 104 a factor of 663728?
True
Does 27 divide 47833?
False
Is 3528204 a multiple of 807?
True
Is 75 a factor of 2054636?
False
Is 14 a factor of 27064?
False
Is 199442 a multiple of 211?
False
Is 255408 a multiple of 48?
True
Is 455 a factor of 364914?
False
Does 14 divide 188944?
True
Is 60 a factor of 192002?
False
Does 45 divide 8820?
True
Does 43 divide 5296783?
True
Is 498548 a multiple of 35?
False
Is 5339135 a multiple of 128?
False
Is 4233991 a multiple of 613?
True
Is 238880 a multiple of 16?
True
Is 800 a factor of 1126659?
False
Is 54246 a multiple of 7?
False
Is 198263 a multiple of 1313?
True
Is 14280323 a multiple of 17?
True
Is 616356 a multiple of 27?
True
Does 8 divide 1988273?
False
Is 4818716 a multiple of 14?
True
Does 100 divide 187560?
False
Is 199217 a multiple of 341?
False
Is 90 a factor of 428367?
False
Is 5987394 a multiple of 779?
True
Is 475627 a multiple of 1109?
False
Is 39929 a multiple of 20?
False
Is 15 a factor of 1000549?
False
Does 7 divide 9511?
False
Is 659 a factor of 1916372?
True
Is 200 a factor of 63687?
False
Is 14 a factor of 1619100?
True
Does 108 divide 4152924?
True
Is 23681 a multiple of 34?
False
Is 1599080 a multiple of 5?
True
Does 8 divide 1111278?
False
Does 7 divide 307424?
False
Does 270 divide 507268?
False
Does 62 divide 1227414?
True
Is 99263 even?
False
Is 29 a factor of 23577?
True
Is 568 a factor of 991440?
False
Does 103 divide 280813?
False
Does 183 divide 815155?
False
Does 22 divide 451286?
True
Does 52 divide 61698?
False
Does 196 divide 106051?
False
Is 112 a factor of 74704?
True
Is 33145 a multiple of 7?
True
Is 107 a factor of 233688?
True
Is 538590 a multiple of 712?
False
Is 898 a factor of 3568090?
False
Is 36 a factor of 1409472?
True
Is 59 a factor of 452530?
True
Is 280 a factor of 123200?
True
Is 3694 a multiple of 3?
False
Does 433 divide 270625?
True
Is 20 a factor of 143522?
False
Is 616 a factor of 1930661?
False
Does 8 divide 39872?
True
Does 10 divide 1061660?
True
Does 578 divide 34914466?
False
Is 52 a factor of 30717574?
False
Is 7 a factor of 2565058?
False
Does 64 divide 99147?
False
Is 73 a factor of 478734?
True
Is 14 a factor of 18447?
False
Is 30 a factor of 278160?
True
Does 106 divide 1347684?
True
Does 748 divide 6811393?
False
Does 88 divide 164801?
False
Is 110880 a multiple of 269?
False
Is 373406 a multiple of 11?
True
Does 15 divide 11220?
True
Is 124 a factor of 24427252?
False
Is 17940 a multiple of 78?
True
Is 9 a factor of 95098?
False
Does 23 divide 23230?
True
Does 114 divide 280028?
False
Does 47 divide 225806?
False
Is 4264878 a multiple of 16?
False
Is 689995 a multiple of 3?
False
Is 270816 a multiple of 496?
True
Is 384500 a multiple of 23?
False
Is 227941 a multiple of 7?
True
Is 59400 a multiple of 5?
True
Is 268 a factor of 135072?
True
Is 6991218 a multiple of 78?
True
Does 400 divide 5444878?
False
Does 5 divide 1490373?
False
Does 979 divide 6509751?
False
Does 4 divide 12976?
True
Is 76 a factor of 31991?
False
Is 78300 a multiple of 270?
True
Is 176820 a multiple of 14?
True
Does 874 divide 4737954?
True
Is 498363 a multiple of 283?
True
Does 11 divide 1328547?
True
Is 644237 a multiple of 41?
False
Is 168 a factor of 196560?
True
Does 14 divide 705502?
True
Is 238908 a multiple of 43?
True
Is 397371 a multiple of 66?
False
Is 117 a factor of 8190?
True
Does 10 divide 41986?
False
Is 251515 a multiple of 35?
False
Is 28 a factor of 659624?
True
Does 29 divide 103472?
True
Is 3198461 a multiple of 296?
False
Is 22400 a multiple of 5?
True
Is 22 a factor of 2936912?
True
Is 12 a factor of 6145356?
True
Is 102450 a multiple of 30?
True
Does 31 divide 460102?
True
Does 22 divide 718432?
True
Is 62 a factor of 156995?
False
Does 7 divide 50170?
False
Is 102 a factor of 31008?
True
Does 173 divide 1291445?
True
Does 7 divide 4096496?
False
Is 28 a factor of 10456?
False
Is 268981 a multiple of 5?
False
Does 35 divide 590625?
True
Is 9 a factor of 482310?
True
Is 106471 a multiple of 27?
False
Is 56834 a multiple of 157?
True
Is 25 a factor of 8250?
True
Does 27 divide 518481?
True
Does 41 divide 61336?
True
Is 3 a factor of 12824?
False
Does 136 divide 280432?
True
Is 1357362 a multiple of 514?
False
Is 39943 a multiple of 4?
False
Does 304 divide 243145?
False
Is 193480 a multiple of 423?
False
Is 657696 a multiple of 744?
True
Does 290 divide 120930?
True
Is 1963 a multiple of 41?
False
Is 13 a factor of 3198819?
True
Is 6135533 a multiple of 26?
False
Is 7753951 a multiple of 114?
False
Is 6 a factor of 2460492?
True
Is 15 a factor of 144825?
True
Does 2 divide 1771158?
True
Does 183 divide 242452?
False
Is 55548 a multiple of 67?
False
Is 1151 a factor of 17481388?
True
Does 392 divide 8722907?
False
Does 124 divide 38564?
True
Does 6 divide 283704?
True
Is 6 a factor of 363135?
False
Does 183 divide 5589735?
True
Does 376 divide 1409624?
True
Is 88 a factor of 1408440?
True
Is 184548 a multiple of 78?
True
Is 17 a factor of 1097027?
True
Is 348 a factor of 4456488?
True
Is 12 a factor of 27972?
True
Is 113366 a multiple of 3?
False
Is 2912244 a multiple of 241?
True
Is 8906958 a multiple of 1117?
True
Does 5 divide 1411332?
False
Is 8 a factor of 198763?
False
Is 358263 a multiple of 21?
False
Is 767916 a multiple of 996?
True
Is 2522544 a multiple of 32?
False
Is 3772408 a multiple of 127?
True
Is 4021228 a multiple of 390?
False
Is 43 a factor of 49832?
False
Is 9 a factor of 798606?
True
Is 16 a factor of 137808?
True
Is 79 a factor of 185419?
False
Does 484 divide 3604832?
True
Is 1466 a factor of 516947?
False
Does 4 divide 5082228?
True
Is 3993793 a multiple of 195?
False
Is 92 a factor of 255447?
False
Does 8 divide 121881?
False
Is 768 a factor of 4780800?
True
Is 1052149 a multiple of 32?
False
Is 51 a factor of 638231?
False
Is 471515 a multiple of 55?
True
Is 15 a factor of 126750?
True
Does 39 divide 2164664?
False
Is 4 a factor of 2389187?
False
Does 7 divide 373275?
True
Does 3 divide 157931?
False
Is 126 a factor of 676764?
False
Does 8 divide 713032?
True
Does 14 divide 16804234?
False
Does 9 divide 386694?
True
Is 137 a factor of 13128847?
True
Does 5 divide 101620?
True
Is 24528 a multiple of 16?
True
Is 469 a factor of 809494?
True
Is 55 a factor of 11605005?
False
Is 5698057 a multiple of 218?
False
Does 18 divide 4545090?
True
Is 12 a factor of 6912373?
False
Is 98400 a multiple of 48?
True
Does 11 divide 344883?
True
Is 65 a factor of 65369?
False
Is 4931171 a multiple of 831?
False
Is 1326 a factor of 4687410?
True
Is 14344579 a multiple of 2423?
False
Does 65 divide 6944860?
True
Is 64953 a multiple of 9?
True
Is 4 a factor of 680776?
True
Is 48 a factor of 29243?
False
Is 28 a factor of 68924?
False
Is 210404 a multiple of 46?
True
Is 95 a factor of 108585?
True
Is 13396120 a multiple of 421?
False
Does 65 divide 178360?
True
Is 1451940 a multiple of 6?
True
Is 81601 a multiple of 13?
True
Is 172860 a multiple of 335?
True
Is 34 a factor of 31039?
False
Is 109201 a multiple of 8?
False
Does 22 divide 139389?
False
Is 2763610 a multiple of 501?
False
Does 78 divide 189774?
True
Does 10 divide 240212?
False
Is 113250 a multiple of 50?
True
Is 1426449 a multiple of 908?
False
Is 44 a factor of 86020?
True
Is 10 a factor of 525726?
False
Is 329705 a multiple of 5?
True
Does 256 divide 41728?
True
Does 3 divide 61686?
True
Is 1200601 a multiple of 21?
False
Does 201 divide 7299062?
False
Is 32 a factor of 3940128?
True
Is 7285575 a multiple of 25?
True
Is 26 a factor of 667067?
False
Does 14 divide 3304799?
False
Is 380 a factor of 4692401?
False
Is 231833 a multiple of 119?
False
Is 1869500 a multiple of 26?
False
Is 99580 a multiple of 13?
True
Is 362 a factor of 1848734?
True
Is